e 12) to base 5
2413130
What is 73273 (base 8) in base 10?
30395
What is 1447639 (base 10) in base 7?
15206344
What is 395939 (base 14) in base 12?
7b2967
2202014240 (base 5) to base 4
102000111021
What is -28c933 (base 15) in base 5?
-1000410243
Convert 10002212020 (base 3) to base 15.
131a9
-22121110010 (base 3) to base 14
-45a7d
Convert -2376 (base 14) to base 2.
-1100000100100
Convert -673163 (base 8) to base 12.
-ab3ab
23c1b (base 16) to base 3
21102220102
26263310 (base 7) to base 14
467607
Convert -1001110100110110101 (base 2) to base 13.
-b3722
98886 (base 13) to base 4
1003121313
Convert -20125004 (base 6) to base 15.
-b4434
12010203032 (base 4) to base 13
439523
What is a7589 (base 13) in base 10?
301947
What is 5126241 (base 7) in base 15?
c1529
Convert 201030101 (base 4) to base 15.
2a438
Convert -544646 (base 8) to base 5.
-21321234
-2668515 (base 11) to base 3
-22200010201210
Convert -2200510 (base 6) to base 2.
-11010100111111010
11044034300 (base 5) to base 15
10de0d5
112443530 (base 6) to base 16
1fe40e
What is -6ac (base 15) in base 16?
-5e8
What is -100022201111212 (base 3) in base 15?
-67d0a8
Convert -5acbb (base 13) to base 9.
-274017
What is 765562 (base 9) in base 5?
104104230
What is 942276 (base 10) in base 4?
3212003010
What is -4011551 (base 6) in base 4?
-231332323
Convert -23a6824 (base 12) to base 2.
-11010011101101100011100
321565 (base 10) to base 15
6542a
What is 32023 (base 16) in base 9?
341874
-525110 (base 7) to base 13
-3231b
What is -4143421434 (base 5) in base 10?
-8576494
Convert 12200213 (base 6) to base 11.
246199
122002010101 (base 3) to base 4
1102010200
What is 523357 (base 12) in base 9?
2377314
What is -adc93 (base 14) in base 5?
-102003223
Convert bc4b (base 16) to base 7.
260351
Convert 38238 (base 14) to base 13.
4a85b
What is 111010010101011010 (base 2) in base 4?
322111122
-3230531 (base 6) to base 16
-26f77
5c53b (base 14) to base 2
110111001011111001
Convert 81088 (base 11) to base 7.
1002433
What is 1211210202000 (base 3) in base 4?
3233111130
What is -427345 (base 11) in base 12?
-28b467
201202212110112 (base 3) to base 2
101000000101011101110000
Convert -1111001100010000101 (base 2) to base 3.
-221021211221
635397 (base 11) to base 7
11435021
Convert -20121101100000 (base 3) to base 10.
-3511107
What is -730030 (base 8) in base 15?
-4b928
What is 15a7025 (base 14) in base 15?
dec422
Convert 122222212020 (base 3) to base 8.
1263620
What is 30103 (base 9) in base 15?
5ccc
1023123323203 (base 4) to base 13
4135006
What is -53174 (base 11) in base 2?
-10010111001011000
Convert 2511553 (base 7) to base 14.
8569a
Convert 1440035 (base 7) to base 12.
9468b
212031200103 (base 4) to base 8
46154023
What is 4a14475 (base 11) in base 15?
b72d75
-1201402021 (base 5) to base 12
-b129a1
150423544 (base 7) to base 8
45765014
Convert -566c (base 16) to base 6.
-250232
Convert -264735 (base 8) to base 5.
-10431022
Convert -20224043 (base 6) to base 7.
-4630530
What is -8a7531 (base 12) in base 2?
-1000011011110000110101
Convert 24297 (base 10) to base 2.
101111011101001
10010011010101011110 (base 2) to base 5
123302421
Convert f3373 (base 16) to base 9.
1777481
What is -554340 (base 6) in base 10?
-46356
223434 (base 7) to base 3
2000102010
234b7 (base 15) to base 2
11011011100111111
Convert -304004340 (base 6) to base 2.
-10011111011111111100100
Convert -2f5317 (base 16) to base 12.
-10569b3
235104143 (base 6) to base 8
20741677
What is -4a6627b (base 12) in base 8?
-67443777
Convert 213304211 (base 5) to base 7.
10534040
Convert 2b048 (base 13) to base 2.
10011110111000101
Convert -2026376 (base 11) to base 10.
-3580836
Convert 1d71249 (base 14) to base 2.
111000011011101010010001
691a (base 12) to base 2
10110110100110
Convert 3789787 (base 10) to base 4.
32131033123
What is 5676357 (base 8) in base 6?
52554235
What is 77011 (base 8) in base 12?
16809
What is -2d5cda (base 15) in base 14?
-41275d
What is -40a01a (base 12) in base 6?
-33412034
Convert -2660618 (base 9) to base 8.
-5435625
-311333031 (base 4) to base 15
-457c3
-10220012201 (base 3) to base 13
-28bac
What is -125565 (base 8) in base 12?
-21499
Convert 11111011111000111111 (base 2) to base 15.
155a7d
What is -95412 (base 11) in base 6?
-2551053
What is 123231313231 (base 4) in base 8?
33556755
Convert -110200000011 (base 3) to base 2.
-111100110111101010
What is 95013 (base 15) in base 16?
735c6
What is -3241030 (base 8) in base 14?
-188916
Convert 44035 (base 7) to base 13.
5014
1422520 (base 7) to base 6
4030304
What is -112320212 (base 4) in base 16?
-16e26
Convert -21301300 (base 4) to base 2.
-1001110001110000
-113313 (base 4) to base 14
-7b1
What is -213013413 (base 5) in base 16?
-dd85e
1171004 (base 12) to base 13
91530a
Convert db1a9 (base 14) to base 16.
81611
Convert 411423224 (base 6) to base 4.
123000121000
What is -3752174 (base 8) in base 6?
-34122540
Convert 1541b6 (base 13) to base 9.
876627
What is -44040034 (base 5) in base 13?
-102aac
-20a39 (base 15) to base 8
-312202
-30322 (base 14) to base 13
-4097a
What is 36036 (base 12) in base 15?
167b3
What is 21020121203 (base 4) in base 13?
65a6b9
13cd14 (base 15) to base 12
3a059a
What is 12450656 (base 7) in base 10?
1138409
11011111011010001 (base 2) to base 11
78a37
Convert 122021110121 (base 3) to base 8.
1230126
Convert 212a518 (base 11) to base 7.
43565222
Convert -147434 (base 8) to base 2.
-1100111100011100
Convert 1a0942 (base 15) to base 6.
43101012
1314c (base 15) to base 7
342660
-169651 (base 13) to base 2
-10001001100100111000
What is 12420121 (base 7) in base 8?
4240667
Convert -26b795 (base 12) to base 10.
-642209
What is -23423 (base 13) in base 9?
-107325
What is -1001101101001000001 (base 2) in base 8?
-1155101
Convert -404034313 (base 5) to base 3.
-10001200110020
What is -222003322 (base 5) in base 4?
-3230213330
What is 1100010001111100 (base 2) in base 9?
75888
326949a (base 13) to base 8
72633253
Convert 4285877 (base 9) to base 10.
2300713
1000001110001111 (base 2) to base 10
33679
63999 (base 11) to base 12
45a10
-38231 (base 13) to base 5
-11304022
Convert -22366541 (base 7) to base 6.
-105441355
Convert 52014071 (base 8) to base 16.
a81839
What is -362561 (base 7) in base 12?
-320b5
Convert 111100010012121 (base 3) to base 16.
6c285a
What is -1284208 (base 9) in base 7?
-5664503
What is -364684 (base 11) in base 16?
-8ce75
-c1bc (base 13) to base 10
-26688
1021012110122 (base 3) to base 2
10100100010110111000
Convert 102221002100 (base 3) to base 9.
387070
Convert 2bc02 (base 14) to base 2.
11010101100111010
111022031 (base 5) to base 6
14225255
95e669 (base 15) to base 13
162b205
What is 203023 (base 6) in base 10?
16215
What is -1564226 (base 7) in base 12?
-a5ab8
-203010111 (base 4) to base 12
-6b159
Convert 73330532 (base 8) to base 3.
1002022102020000
-101300201300 (base 4) to base 10
-4655216
What is -30374 (base 11) in base 14?
-12251
What is -2b832 (base 16) in base 8?
-534062
-176211 (base 9) to base 2
-11010101111010010
Convert 100011011001101000000101 (base 2) to base 13.
1bcbc37
333324214 (base 5) to base 14
2a18d7
Convert -429dc (base 14) to base 9.
-265001
Convert -3238065 (base 9) to base 16.
-1a850b
What is 1222314442 (base 5) in base 13?
7b8a09
Convert -127a10 (base 14) to base 10.
-635838
1001111000111001110 (base 2) to base 5
40332141
What is -18e45 (base 15) in base 12?
-3a948
Convert -1f5558 (base 16) to base 9.
-3768736
What is -309c214 (base 13) in base 9?
-30702601
-4547d4 (base 16) to base 15
-5ea467
-102222102100 (base 3) to base 4
-321203331
What is 1815490 (base 10) in base 15?
25cdca
Convert 1534402 (base 6) to base 4.
112011002
Convert 14203410 (base 5) to base 6.
3054111
What is -5a822 (base 12) in base 8?
-356432
Convert -1827398 (base 10) to base 2.
-110111110001001000110
What is -42306 (base 10) in base 15?
-c806
Convert 1110011101111110010001 (base 2) to base 11.
2160637
Convert -3375434 (base 8) to base 4.
-3133230130
20340101 (base 5) to base 13
5b6c9
What is 10301133203 (base 4) in base 15?
19ab4e
What is -102201111211 (base 3) in base 16?
-38551
What is 12021221110 (base 3) in base 16?
1970d
Convert 11320441 (base 5) to base 12.
50580
What is -b3c94 (base 13) in base 7?
-2513301
1546636 (base 11) to ba